58. Suppose 2*l = 7 + 3. Suppose 1 = i - f, -l*i = -3*f - b - 2. What is the units digit of i?
2
Let d be ((-1)/(-2))/((-2)/28). Let f(a) = 4*a**2 + 9*a. What is the units digit of f(d)?
3
Let j be 2/2*(0 + 24). Let r be -3 + j/4 - -42. Suppose 3*z = -n + 5*z + 20, 3*n - z = r. What is the units digit of n?
4
Suppose -5*l + 12 = -2*l. Suppose 0 = 5*q - 5, 4*p = p - 4*q + 337. Suppose p + 49 = l*u. What is the units digit of u?
0
Let z(p) = p + 9. Let h be z(-4). Suppose -h*s + 214 = 9. What is the units digit of s?
1
What is the hundreds digit of (-2 - 584/2)/(36/(-48))?
3
Let j(i) = 3*i + 3. Let z be j(-3). Let u = 8 + z. Suppose -15 = -5*s + 4*v, u*s = s - v + 12. What is the units digit of s?
7
Let f be (0*7/(-28))/(-1 - 1). Suppose 4*n - 16 = f, 6*i - 3*i + 2*n = 32. What is the units digit of i?
8
Suppose -21 = -2*q + 5*j, 0*q - 5*j = 2*q - 11. Let x be ((-28)/q - -2)*-2. Suppose 0*g = 3*g - x. What is the units digit of g?
1
What is the tens digit of (-42)/4*2100/(-49)?
5
Let i = 53 - 58. What is the units digit of i - (-2)/2 - (0 - 11)?
7
Let k be 5 - (87 - 3)/4. Let d(a) = -a**3 - 15*a**2 - 5*a - 36. What is the tens digit of d(k)?
0
Let x be 4 - (2 + (-2 - 1)). Suppose -85 = -0*j - x*j. Suppose -j = -2*u + 9. What is the tens digit of u?
1
Suppose 5*f + 3*h = -135, -4*f + 0*h - 2*h - 110 = 0. What is the units digit of ((-170)/(-25))/((-2)/f)?
2
Suppose h - 23*h = -19360. What is the tens digit of h?
8
Let q(h) be the third derivative of h**6/60 - h**5/15 - h**3/2 + 4*h**2. What is the units digit of q(4)?
1
Let k = -1479 + 2790. Suppose k = 6*m - 225. What is the tens digit of m?
5
Let c(d) = 24*d - 9. Suppose 4*o - 13 = -v, 0 = -v - 0 - 3. What is the units digit of c(o)?
7
Let z be 2 + ((-429)/(-9))/(4/12). Let k be (4/6)/((-2)/(-87)). Suppose -c = p - k, -5*c = 2*p + p - z. What is the tens digit of c?
2
Suppose 4*n + 5 = 1. Let s be (n*2)/((-6)/12). Suppose s*w + 34 = 5*v, v + 2*v + w = 34. What is the tens digit of v?
1
Let y = 3497 + -840. What is the hundreds digit of y?
6
Suppose -2*f = -207 - 33. What is the units digit of f?
0
Let i = -4 - -11. Let u = i + -7. Suppose u = 6*p - p - 150. What is the tens digit of p?
3
Let y = 4149 + -1981. What is the thousands digit of y?
2
Suppose -2*u - 3*q = 2*u + 37, 2*u + 16 = -4*q. Let c be u/(-10) + 2/2. What is the units digit of -13*c*(-1)/2?
3
Let j(t) be the first derivative of -1/4*t**4 + 3*t**3 + 0*t + 8 + 3/2*t**2. What is the tens digit of j(9)?
2
Suppose 2*b = -3*m + 50, 3*b + 0*b = 3*m - 75. Let z = 129 + m. What is the tens digit of z?
4
Let p(i) = i**2 + 20*i - 72. What is the units digit of p(-33)?
7
Let s = 2656 + -1318. What is the thousands digit of s?
1
Let k = 180 - -32. Suppose 3*d + k = 7*d. What is the units digit of d?
3
Let t = -769 + 1132. What is the units digit of t?
3
Let f = -8 - -8. Suppose f = -5*h + 4 + 456. Let y = h - 57. What is the tens digit of y?
3
Let u be ((-15)/20)/(1/(-8)). Let r(b) = 3*b**2 + 1. What is the tens digit of r(u)?
0
Let a(t) be the second derivative of -5*t**4/12 + 4*t**3/3 - 5*t**2/2 - t. Let x be a(5). What is the units digit of x/(-14) - (-6)/(-14)?
6
What is the units digit of 980000/288 - (-4)/18?
3
Let f(z) = -z**3 + 10*z**2 - 9*z - 1. Let n be f(9). Let r be ((-12)/(-16))/(n/(-40)). Let h = r + -10. What is the units digit of h?
0
Let q = 4 - 2. Suppose 4*m = a + 2 - 14, q*a + 8 = 0. What is the tens digit of (8/6)/(m/(-30))?
1
What is the units digit of ((-192)/14)/((-75)/2100)?
4
Let y be 0 + -17*1*2. Let h = 27 - 19. What is the tens digit of (y/(-4))/(h/48)?
5
Let x = 23 - 26. Let c(z) be the first derivative of 7*z**3/3 + 5*z**2/2 + 2*z - 2. What is the units digit of c(x)?
0
Suppose 15*v - 18*v = 36. Let l = 4 + -1. What is the units digit of (4 + (-116)/v)*l?
1
Let x = 75 + -45. Let p = 70 - x. What is the units digit of p?
0
Let r = -34 - -197. Let n = r + -71. What is the units digit of n?
2
Suppose s + 218 = 3*b, 0 = 6*b - 2*b - 5*s - 276. Let p = -9 + b. What is the tens digit of p?
6
What is the hundreds digit of 19792/18 + (-1708)/126 + 14?
1
Suppose -2*r + 4 + 16 = -q, r - 4*q + 4 = 0. What is the tens digit of r/(-16)*-10*2?
1
Suppose -3*d + 4*p + 2637 = 0, d - 3*p + 20 = 904. What is the hundreds digit of d?
8
Suppose -2*o - 2*h - 8 = -6*o, 0 = -h. Suppose 0 = f + 14 - o. Let t(z) = z**2 + 11*z + 2. What is the tens digit of t(f)?
1
Let f(c) = c**2 - 4*c + 1. Let a(d) = -d**2 + 4. Let t be a(0). Let n be f(t). What is the units digit of (n - 14)*8/(-4)?
6
Let g be (4/(-12))/(2/(-2562)). Suppose 6*u - g = -121. What is the units digit of u?
1
Let h be 2/4 + 6/4 - -6. Suppose -3*u = h*n - 4*n - 281, -2*u - 4*n + 190 = 0. What is the tens digit of u?
9
Let d be 1*792/((-4)/(-1)). Let x(b) = 2*b**3 - 2*b. Let j be x(2). What is the units digit of 4/6*d/j?
1
Suppose 0 = v - 3, 33*y - 36*y - 4*v + 4569 = 0. What is the units digit of y?
9
Suppose 380 + 243 = 7*u. What is the units digit of u?
9
Let o(x) be the third derivative of 103*x**4/24 + x**3/3 - 3*x**2. Let q be o(1). Let j = q - 58. What is the units digit of j?
7
Let c(z) = 1110*z - 122. What is the thousands digit of c(4)?
4
Let x(l) = -5*l. Suppose 4 = -4*u - 4*d, -3*d + d - 4 = 3*u. What is the units digit of x(u)?
0
Let j(v) be the third derivative of -v**5/60 - v**4/8 + v**3/2 + 5*v**2. Let f be j(-7). What is the units digit of (-5)/f + 327/15?
2
Suppose 3*q = 2*q + 2. Suppose -z - h - h = 13, 2*z = q*h - 32. Let g = 41 + z. What is the tens digit of g?
2
Suppose -10*n = -14 - 6. Suppose -n*b = -2*o + 52, -3*b + 6*b = -o + 14. What is the tens digit of o?
2
Let z = 12 + -8. Suppose -3*p - 13 = z*k, 2*k - 19 = 4*k - p. Let q = k + 14. What is the units digit of q?
7
Let w(f) = -17*f - 3. Let v = 169 - 172. What is the units digit of w(v)?
8
Let s = 25 - 53. Let z = s + 50. What is the tens digit of (z/(-8))/((-5)/60)?
3
Suppose 2*m + 511 = b, -10*b + 12*b - 5*m - 1019 = 0. What is the hundreds digit of b?
5
Suppose n = -3*n + 40. Let p = n + -10. What is the units digit of -3 + 5 + p + 0?
2
Suppose -3*f + 5*f + 8 = 0. Let a = f + 45. What is the units digit of a?
1
Let l be 13/((-65)/(-3750)) + 0 + -2. Suppose 2*z = 6*z - 2*q - 772, -4*z = 4*q - l. What is the units digit of z?
1
Let b(a) = 3*a**2 + 32*a - 15. Let k be b(-11). Let d(h) = -56*h - 5. What is the tens digit of d(k)?
1
Suppose 0 = -0*q - q - 8. Let g = 12 + q. Suppose 0 = -5*t - 3*h + 64, -2*t - 18 = -g*h - 54. What is the tens digit of t?
1
Let a = -1382 + 2911. What is the thousands digit of a?
1
Let n(w) = -10*w + 6. Let v be n(-5). Let c = 26 - 53. Let s = c + v. What is the tens digit of s?
2
Suppose -6*t + 15 = -3*t. Suppose v - 33 - 75 = 3*g, -g - 540 = -t*v. What is the tens digit of v?
0
Let k(v) = -4*v**3 - v**2 - 2*v - 1. Let u be k(-1). Let c be (-4)/(u/(-55)) + -2. Suppose 0 = -2*w + c - 1. What is the units digit of w?
6
Let a = -3 - -55. What is the units digit of a?
2
Let d be (-842)/(-15) + (-16)/120. Let j = 99 - d. What is the tens digit of j?
4
Suppose 0 = -2*z - 4, z = -2*w + 6*z + 602. What is the tens digit of w?
9
Let t(d) = -43*d**3 - d**2 + d + 1. Let q = -23 - -22. What is the tens digit of t(q)?
4
Suppose 4*a - 1 = 15. Suppose 35 = a*i - 1. Suppose -4*p = -i*p + 10. What is the units digit of p?
2
Suppose c - 5 = 0, 5*b - 4*b - 3*c - 858 = 0. What is the units digit of b?
3
Suppose -4*c + 16924 = -85*p + 89*p, 2*c - 2*p = 8462. What is the units digit of c?
1
Suppose 2*r - 3*r - 3*v = -11, -3*r - 5*v = -21. What is the units digit of r*(100/8 - -2)?
9
What is the hundreds digit of 666 - (12/3 - 5)?
6
Suppose 65*y - 62*y - 8289 = 0. What is the thousands digit of y?
2
Suppose 3*v + 324 = 2*p - v, 0 = -p - 4*v + 186. What is the units digit of p?
0
Let c(o) = o**3 + 18*o**2 - 25*o - 27. Let y be c(-19). Suppose -4*b = -5*h + y, 33 = -2*h - 4*b + 79. What is the tens digit of h?
1
Let n(j) = -4*j**3 + j**2 + 31*j + 121. What is the units digit of n(-4)?
9
Let b = -470 + 471. Suppose 4*j + 12 = 0, 3*q + 9 = -0*j + 3*j. What is the units digit of (q - -48) + -3*b?
9
Let j(i) be the first derivative of 2*i**2 + 8*i - 4. Let a be j(-7). What is the units digit of 8/20 + (-1132)/a?
7
Suppose -4*g = 3*o + g + 218, -357 = 5*o + 2*g. Let y = -18 - 81. Let j = o - y